**2/2 - 31*v + 62. What is the remainder when ((-38)/(-2) - 1) + 2 is divided by i(3)?
9
Let t(m) = m**2 + 3*m + 16. Let a be t(0). Let y(r) = -r**3 + 16*r**2 + 4*r + 26. What is the remainder when y(a) is divided by 2?
0
Suppose -4*l - 3*q = 7 - 105, 124 = 5*l + 4*q. Calculate the remainder when 86 is divided by l.
6
Let w be ((0 - -1)/1)/(3/(-6)). Let k be (3 - 2) + -9*(w - -4). Calculate the remainder when 45 is divided by (-8)/(-4)*-2 - k.
6
Let x(a) = 2*a**2 - 4*a + 5. Let k be (-1)/9 + (-32461)/99. What is the remainder when (k/18)/((-86)/387) is divided by x(4)?
19
Suppose -11*t - 2*b = -6*t - 2750, b = -4*t + 2203. What is the remainder when t is divided by 140?
132
Let y(h) = -h**2 - 39*h + 356. Calculate the remainder when y(0) is divided by 88.
4
Let f = -443 + 459. Calculate the remainder when 60 is divided by ((-172)/4)/(f/(-16)).
17
Let p = 257 - 253. What is the remainder when 23 is divided by 3 + p + 4 + -3 + 0?
7
Let h(q) = 345*q - 2738. What is the remainder when 4988 is divided by h(10)?
4
Suppose 0 = -4*h - 3*k + 306, 57*k - 52*k = -30. Calculate the remainder when 1910 is divided by h.
47
Let k be (-7 - 7)*1/(-2). Suppose -1 = 3*g - k. Suppose -7*t + 36 = -2 - 11. Calculate the remainder when t is divided by g.
1
Let s(w) = -w**2 + w + 138. Let m = 156 + -159. Calculate the remainder when s(0) is divided by 329*(88/28 + m).
44
Let u be (-12)/(-4) + (-5 - (-3 - -1)). Let x(n) = -n**2 - 2*n + 49. What is the remainder when x(u) is divided by 21?
7
Suppose -4*p + 3*p + 20 = 4*y, 2*y + 38 = p. Suppose -p = 5*m - 117. Calculate the remainder when 17 is divided by (-3)/(-2 + m/10).
7
Let j = -459 - -463. Let c be (-2)/6 + (-847)/(-21). Suppose -5*v = -a - c, 44 = v + 5*a + 10. What is the remainder when v is divided by j?
1
Suppose 19*q + 432 = 23*q. Let x = q - 59. What is the remainder when 97 is divided by x?
48
Let p(k) = 5391*k + 524. What is the remainder when p(3) is divided by 66?
65
Suppose 0*u = u - 67. Let p be 18/207 - (-63)/69. What is the remainder when u is divided by ((-8)/(-6) + p)/(14/84)?
11
Let a(z) = 28*z**2 + 4*z + 10. Let i be a(-2). Let j = 162 - i. Let t(w) = w**2 - 2*w + 5. What is the remainder when j is divided by t(4)?
9
Let h(v) = v**2 + 4*v - 148. Calculate the remainder when h(12) is divided by 8/12*48/2.
12
Suppose -i = -3014 - 938. Suppose 9*o = 22*o - i. What is the remainder when o is divided by 51?
49
Suppose 94*q - 5745 = 79*q. What is the remainder when q is divided by 54?
5
Suppose 2*i = -3*t + 18 - 6, -2*i - t + 20 = 0. What is the remainder when (255/17)/(3/i) is divided by 21?
18
Let q = 1392 - 1389. Suppose -3*o = -0 - 9. Suppose -r + 93 = 2*r - o*a, 81 = 3*r + q*a. Calculate the remainder when 84 is divided by r.
26
Let i be (10/(-3) + 2)*6/2. Let a be (i/(-8))/((-1)/6). Let y(o) = o**2 + 2. What is the remainder when y(a) is divided by 5?
1
Suppose -5*k + 2*z + 987 = 0, 2*z - 12 = -14. Calculate the remainder when k is divided by (-2)/(-8) - (-248)/32.
5
Let l = -26 - -29. Let i be (-1 + l - 4) + 5. Suppose -3*z + 114 = -i*c, 4*z = -5*c + 3*c + 152. Calculate the remainder when z is divided by 14.
10
Let u(d) = 2*d**3 + 78*d**2 + 539*d + 12. What is the remainder when 815 is divided by u(-9)?
17
Let h(q) = -q**3 - 3*q**2 - 7. Let w be -78*(15 + -16 + 0/1). Let r = 89 - w. What is the remainder when h(-5) is divided by r?
10
Let q = -431 + 553. Let f(y) = -6*y**2 + 129*y - 38. Calculate the remainder when q is divided by f(21).
22
Let w = 493 + -309. Suppose 5*q - 4*b - 404 = 0, -b - w + 23 = -2*q. Let s(j) = -1474*j + 10346. Calculate the remainder when q is divided by s(7).
24
What is the remainder when 494 is divided by 21 + 14*60/(-70)?
8
Suppose 0 = -3*x + 2*x + 5*v + 38, -5*x + 3*v = -80. Suppose -401 = -4*j + b, -517 = -6*j + j - 4*b. What is the remainder when j is divided by x?
10
Let y = 379 + -577. What is the remainder when y/5*15/(-12)*2 is divided by 35?
29
What is the remainder when 1969 is divided by 11 + 1 + (-358)/(-179)?
9
Suppose -5*v + 895 = -165. Let d = v + 18. Suppose -10*p + d + 300 = 0. Calculate the remainder when p is divided by 14.
11
Let d = -538 - -202. Let t = -239 - d. Calculate the remainder when t is divided by 20.
17
Let g(t) = -t - 6. Let c be g(-4). Let d be (108/(-11) - c/(-11))*-1. Suppose -464 = -d*x - 84. What is the remainder when x is divided by 14?
10
Let q(l) = -3*l**2 - 107*l - 236. What is the remainder when 1001 is divided by q(-33)?
21
Let z = -748 - -774. Let q(x) = -2*x**2 - 3*x + 3. Let p be q(2). Let d = p - -25. What is the remainder when z is divided by d?
12
Suppose -171 = -4*n + x, -21*x + 42*x = -3*n + 237. Suppose -2*r + 306 = b + b, 0 = 5*b - 3*r - 733. What is the remainder when b is divided by n?
17
Let z = -75 - -78. Suppose 4*b + 0*r + 5*r = 43, z*r - 23 = -2*b. Suppose 0 = -5*m - 20, j + b = -5*m - 3. What is the remainder when 16 is divided by j?
6
What is the remainder when ((-684)/(-16))/(-3)*((-60)/18 + -2) is divided by 20?
16
Suppose -4*l + 0*l = -80. What is the remainder when 4278/69 + (-2 + 0 - 78/(-6)) is divided by l?
13
Let h = -3500 - -3567. Calculate the remainder when h is divided by 62.
5
Suppose -4*q + 80977 = 26*q - 8483. Calculate the remainder when q is divided by 273.
252
Let t = -571 + 580. What is the remainder when (3/4)/(2/40) is divided by t?
6
Suppose -7*f + 3*w = -3*f + 41, 5*f - 3*w = -49. Let u = f + 60. Suppose -7*j + u = -74. Calculate the remainder when 32 is divided by j.
14
Let v be 1750/10 - 10/2. Suppose -173*o + v*o = -33. What is the remainder when 107 is divided by o?
8
Suppose 21*q - 10*q + 583 = 0. Let k = q - -101. What is the remainder when k is divided by 14?
6
Let h = 4962 - 4933. Calculate the remainder when h is divided by 8.
5
Let a = -17 + 19. Suppose 3*v - a*v - 7 = 0. Let u(h) = 3*h - 10. What is the remainder when 42 is divided by u(v)?
9
Let b(q) = -q**3 + 16*q**2 + 36*q + 6. Let n be b(18). Let p(k) = 8*k**2 - 47*k + 4. Calculate the remainder when p(n) is divided by 7.
3
Calculate the remainder when (-16)/6*24327/(-106) is divided by 166.
114
Let p(d) = d - 1. Let l(c) = 11*c - 21. Suppose 10 = w - 8. Let i(t) = w*p(t) - 2*l(t). Calculate the remainder when i(-5) is divided by 10.
4
Let v = -103 + 115. Suppose v*b - 11*b + 643 = 3*m, 0 = -4*m + 2*b + 860. What is the remainder when m is divided by 31?
27
Let p(h) = -h**3 - 87*h**2 + 775*h + 1556. What is the remainder when p(-95) is divided by (30/(-8))/((-2)/8)?
11
Suppose -5*f - 47 = -122. Suppose 60*i = -10*i + 14280. Suppose 140 = 8*y - i. What is the remainder when y is divided by f?
13
Let q(o) = -28*o - 52. Suppose -30 = 17*y - 7*y. What is the remainder when 81 is divided by q(y)?
17
Let g(w) = 8*w**2 + w - 15. Let l(d) = d**3 + 8*d**2 + 11*d + 24. Let q be l(-7). Calculate the remainder when g(q) is divided by 14.
11
Suppose -21*k = -2689 + 526. Suppose -5*t - 5 = 0, -4*s + 8*t = 9*t - k. What is the remainder when 69 is divided by s?
17
Let c(z) = -z**3 + 8*z**2 + 14. Let w be c(8). Let p(h) = -h**3 + 14*h**2 + 21*h - 8. What is the remainder when p(w) is divided by 18?
16
What is the remainder when 31 is divided by -5 + 486/(-378)*105/(-9)?
1
Let x(b) = -b**2 + 2*b + 8. Let a be x(0). Let p(r) = r**2 - 13*r + 5. Let d be p(a). Let z = d + 40. What is the remainder when 9 is divided by z?
4
Let j = 158 + -145. Suppose -3 = 2*f - j, 5*a = -2*f + 105. What is the remainder when 69 is divided by a?
12
Let p(d) = 7*d**2 - 8*d - 46. What is the remainder when 138 is divided by p(-3)?
15
Suppose 0 = 64*z - 60*z - 5*v - 837, -5*z + 3*v + 1056 = 0. Calculate the remainder when 1058 is divided by z.
206
Suppose 3*y + 8 = y. Let j be 2*(y - (-194)/4). Let w = j - 62. What is the remainder when w is divided by 14?
13
Let r(m) = 2*m**2 + 6*m - 2. Let n(b) = 4*b**2 + 13*b - 3. Let y(z) = 3*n(z) - 5*r(z). Let q(s) = -8*s + 8. What is the remainder when y(-6) is divided by q(0)?
3
Suppose 5*i - 110 = -6*v, -4*i + 44 = v - 25. Let x = -29 - -55. What is the remainder when x is divided by i?
10
Suppose 5*i + 13*u - 9751 = 12*u, -u + 1 = 0. Calculate the remainder when i is divided by 93.
90
Suppose 0 = 7*b + 202 + 99. Let g = -35 - b. Suppose -j + 9 = -g. What is the remainder when 31 is divided by j?
14
Suppose -52 